visor of j and 30?
6
Suppose -5*r = -0*b + 3*b - 9, 0 = r + 3. What is the greatest common factor of 72 and b?
8
Suppose -3 = -2*v + v. Suppose 28 = 5*b + v. What is the greatest common divisor of b and 5?
5
Suppose 3*v - 53 = -2*b, -100 = -5*v - 5*b + 4*b. Let d be ((-2)/4)/((-1)/4). Suppose 4*m - d = 54. Calculate the highest common divisor of v and m.
7
Let t(c) = 3*c**3 + 2*c**2 + c - 4. Let d be t(4). Let r = 377 - d. Let z = r - 33. What is the greatest common divisor of z and 12?
12
Let b = 906 - 498. Let f = b - 261. Calculate the greatest common divisor of 21 and f.
21
Let l be ((-13)/4)/((-1)/4). Let y(i) = -3*i - 5. Let o be y(-6). Let w be o/2*4/2. What is the highest common divisor of l and w?
13
Suppose 0*j - j + 14 = 0. Let n(r) = 8*r**2 + r. Let h be n(-1). What is the highest common factor of h and j?
7
Let h(u) = -2*u**3 - u**2 - 1. Let n be h(-3). Let z(c) = -c**3 + 8*c**2 + 2*c - 12. Let t be z(8). Calculate the highest common factor of n and t.
4
Suppose 5*g - 1035 = -4*d, 824 = 4*g + d + 3*d. Let u = g - 148. Calculate the greatest common divisor of 7 and u.
7
Suppose 2*v - 62 = -4*o, -o - 5*v - 13 = -3*o. Let u = o + -5. Calculate the highest common divisor of 45 and u.
9
Suppose 0 = -5*h + y + 235, 4*h - 5*h = 4*y - 68. Let d be (h/(-5))/(3/(-10)). Suppose -337 + 97 = -5*u. Calculate the highest common divisor of d and u.
16
Let g = 150 + 12. Let z(p) = 4*p**3 - 5*p**2 + 3*p. Let y be z(2). Calculate the greatest common factor of y and g.
18
Suppose 0 = -2*y + 4*r, -5 = -4*y - 2*r + 15. Suppose -q + 1 = 3, -y*v - q = -18. What is the greatest common factor of v and 1?
1
Let f = 50 + -96. Let m = -30 - f. What is the greatest common divisor of m and 4?
4
Let c(l) = 1. Let z(i) = 6*i + 9. Let k(a) = 9*c(a) - z(a). Let d be k(-1). What is the highest common divisor of 12 and d?
6
Suppose 7*i - 225 + 29 = 0. Suppose 4*r = 200 + 248. Calculate the greatest common divisor of i and r.
28
Let g = 17 - 11. Calculate the highest common factor of 3 and g.
3
Let k(f) = -f + 7. Let v(p) = -p**2 + 5*p - 2. Let n be v(3). Let h be k(n). Let c be (-2)/4*(-7 + h). What is the greatest common divisor of 4 and c?
2
Suppose 7*h = -4*h + 176. Let v be (-10)/30 + 98/6. What is the highest common factor of h and v?
16
Let v(m) = -m - 2. Let z be v(-4). Calculate the highest common factor of z and 3.
1
Suppose 80 = w + 3*w. Suppose 5*p - w - 30 = 0. What is the greatest common divisor of 10 and p?
10
Suppose 0 = 2*q - 4*q - 2, -5*m - 4*q + 41 = 0. Calculate the greatest common divisor of 54 and m.
9
Let d(u) = -u**3 - u**2 - u + 33. Let z be (-88)/(-14) - 2/7. Let l be -1 - -2*3/z. Let a be d(l). What is the highest common factor of 3 and a?
3
Suppose 3 = 3*m + 5*f - 1, 4*m = -4*f. Let i be 3*m/(12/(-26)). Calculate the highest common factor of 91 and i.
13
Let f(v) = -v**3 - 2*v**2 + 3*v + 4. Suppose -5*p - 21 = -6. Let j be f(p). What is the highest common divisor of 28 and j?
4
Let a be 11/(-3) + (-2)/6. Let s(x) = -x**2 - 2*x - 3. Let j be s(a). Let n be 2/(4/2) - j. Calculate the greatest common factor of 12 and n.
12
Let n = 17 - 25. Let b be (-4)/6*36/n. Suppose 5*a = b*p + 32, p + 13 = -0*a + 2*a. Calculate the greatest common divisor of a and 7.
7
Let j be 11 + 13 + (0 - 1). What is the highest common factor of j and 46?
23
Let n(f) = 15*f**2 - 1. Let m be n(-1). Suppose 2*h + g + 1 = 6*g, 3*g - 1 = h. Calculate the highest common factor of h and m.
2
Let v = -63 - -73. Calculate the highest common factor of v and 110.
10
Let v(m) = -4*m**2. Let c be v(-1). Let o be -4*(-1)/c*-3. Suppose -5*h + 25 = -4*h - o*i, -i + 15 = 2*h. Calculate the highest common divisor of h and 4.
2
Suppose 2*i = -5*k + 69, 0*i = -4*k + i + 63. Let z = k + -8. Calculate the highest common divisor of 7 and z.
7
Let g = -38 - -17. Let p = 0 - g. Let a = p - 13. What is the greatest common factor of 24 and a?
8
Suppose -5*o - 14 = -i, 4*i - o - 4*o = 41. Suppose 135 = 5*y + 3*g, -4*y = 4*g - 2*g - 108. Calculate the greatest common divisor of i and y.
9
Let t be (1 - 55)/(-2) + 2. Let s = -99 + 418. What is the highest common factor of s and t?
29
Let w(o) = o**3 - 2*o**2 - 8*o + 2. Let z be w(5). Calculate the highest common factor of 259 and z.
37
Suppose -5*m - 5 - 20 = 0. Let t be m/(-1)*(-2)/(-2). Let u = t - -2. Calculate the greatest common factor of 7 and u.
7
Suppose -d + x = 1, 0 = 2*d - x + 4*x - 23. Let r = 7 - d. Let p(z) = -7*z - 4. Let l be p(-4). What is the highest common factor of r and l?
3
Let s be (-2 - -2) + 2*-2. Let r(z) = -4*z - 2*z + 2*z. Let b be r(s). What is the highest common factor of 8 and b?
8
Let h = -40 - 2. Let c be h*((-240)/14)/4. Let m be (-2)/((-3)/3) + 18. Calculate the greatest common factor of m and c.
20
Let k(w) = -w**2 - 8*w - 4. Let j be k(-7). Let n be 3 - (2 + (-3)/j). Let d be n/((-3)/((-42)/4)). Calculate the highest common factor of d and 21.
7
Let f(c) = -4*c + 2. Let m be 48/(-21) + 6/21. Let o be f(m). Let t be 192/20 + 4/o. What is the highest common factor of 2 and t?
2
Suppose 3*l = 5*i - 20, -2*l + 18 = -4*l + i. Let c = l - -19. Calculate the highest common divisor of c and 45.
9
Suppose -95 = -4*i - i. What is the highest common divisor of 76 and i?
19
Let p(m) = m**2 - 9*m + 15. Let l be p(9). What is the greatest common divisor of l and 30?
15
Suppose -2 = -f - 4. Let p = f + 3. Let n(y) = y**2 + y - 5. Let v be n(3). What is the greatest common divisor of v and p?
1
Let c(a) = -a**3 + 3*a**2 + 4*a. Let u be c(-4). Let v be (6/3)/((-4)/(-24)). What is the greatest common divisor of u and v?
12
Let a(b) = -2*b**3 - 3*b**2 + 3*b. Let v be a(-3). Let d be (-2)/(((-4)/(-24))/(-1)). What is the greatest common divisor of v and d?
6
Let a be 2/(4/2) - -1. Suppose a*o = 5*p - 2*p - 13, -3*p - 1 = 5*o. Let y be (-52)/(-4) + (-6)/o. Calculate the greatest common divisor of y and 4.
4
Suppose 48*x = 45*x + 195. What is the highest common factor of x and 13?
13
Let s = 29 - -4. Calculate the highest common factor of 22 and s.
11
Let z be 0/(-1) + 6/2. Suppose -4*l - 6 - 10 = 0. Let p be (-9)/(-2)*l/(-6). What is the highest common divisor of z and p?
3
Suppose 4*v + 90 = 314. What is the greatest common factor of v and 8?
8
Let g be (-12)/(-3) - (1 - -1). Suppose g*y - 12 = 78. Calculate the highest common divisor of 18 and y.
9
Let y be (-4)/(-14) + (-976)/(-14). What is the greatest common divisor of 28 and y?
14
Suppose 2*y + m + m - 500 = 0, 3*m - 1003 = -4*y. What is the highest common factor of y and 23?
23
Let f = 73 - 47. What is the greatest common factor of 13 and f?
13
Let g = 602 + -402. Calculate the greatest common divisor of 25 and g.
25
Let q(x) = -5*x**2 - 8*x + 1. Let h be q(6). Let p = -131 - h. Let o(i) = -6*i. Let j be o(-2). Calculate the highest common factor of j and p.
12
Let q(n) = -2*n - 24. Let r be q(-14). Suppose -12 - 8 = -5*z. Suppose -o + k = z - 1, 5*k = -2*o + 22. Calculate the greatest common divisor of r and o.
1
Suppose 0 = -4*n - 0*n + 132. Let s(r) = -1 + 5*r**2 - r**3 - 2*r - 13*r**2 + 13*r**2. Let y be s(3). Calculate the greatest common divisor of y and n.
11
Suppose -4*j = -5*j + 35. Let y be (2 + 2)/(0 + 2). Suppose 4*w - 90 = -5*d, y*d + 4*w - 38 = 2*w. Calculate the greatest common factor of d and j.
7
Suppose 0*j + 2*j - 72 = 0. Suppose -12*w = -9*w - j. What is the highest common divisor of w and 108?
12
Let j be (-3 - -4)*(0 + 3). Suppose 20 = j*o + 5*m - 21, -o = -m - 3. Let x(z) = 28*z**2. Let t be x(1). What is the greatest common factor of o and t?
7
Let m = -121 + 34. Let a = 190 + m. Suppose 0 = -3*q + a + 194. What is the highest common divisor of q and 11?
11
Suppose -q + 4*l + 6 = 0, 0*q + 2*q - 12 = 5*l. What is the greatest common factor of q and 9?
3
Let t = 149 + -65. Suppose 3*m = z - t, 2*m - 4 = -2*z + 140. What is the greatest common factor of 15 and z?
15
Suppose -5 = -3*r + 7. Suppose 2*j + m = 69, -j + 153 = 3*j - 3*m. Suppose y - j + 8 = 0. What is the highest common divisor of y and r?
4
Suppose m = 2*m - 5. Let o be ((-1)/(-2) - 2)*-4. Let q be (-5)/4*(-96)/o. What is the greatest common divisor of m and q?
5
Let h be 3 + -3 + 3 - -42. Calculate the highest common divisor of h and 18.
9
Let k(r) = 2*r**3 - 5*r**2 - r + 7. Let u be k(